43*z - 69. Determine x(23).
-184
Let q(z) = 164548*z + 329125. Give q(-2).
29
Let x(b) = -112080*b + 560412. Give x(5).
12
Let c(t) = -51953*t + 2545696. Calculate c(49).
-1
Let y(l) = -5*l**2 - 510*l - 10552. Give y(-29).
33
Let k(y) = 1420*y**2 - 215953*y + 17182. What is k(152)?
6
Let j(b) = b**3 - 28*b**2 - 784*b + 21884. Give j(27).
-13
Let v(d) = 8*d**2 + d + 112. Give v(0).
112
Let a(g) = g**3 + 22*g**2 + 202*g + 3253. Calculate a(-20).
13
Let i(x) = -2066*x - 198348. Give i(-96).
-12
Let i(w) = -8*w**3 + 550*w**2 + 142*w - 101. Determine i(69).
175
Let t(s) = -7*s**2 + 235*s + 516. Determine t(38).
-662
Let w(l) = -l**2 - 7082*l - 127133. Calculate w(-18).
19
Let u(p) = p**3 - 12*p**2 + 238*p - 2837. Calculate u(12).
19
Let h(a) = 105*a + 4849. Calculate h(-46).
19
Let x(u) = 224*u - 4284. Calculate x(16).
-700
Let h(j) = 13108*j - 52448. Calculate h(4).
-16
Let n(d) = 6*d**3 + 543*d**2 - 292*d - 1717. What is n(-91)?
12
Let d(z) = -z**3 + 223*z**2 + 1846*z - 11. Calculate d(-8).
5
Let j(n) = 6*n**3 - 29*n**2 - 1919*n + 9587. What is j(5)?
17
Let q(u) = -1637*u + 57764. Calculate q(35).
469
Let n(k) = 92916*k + 929266. Calculate n(-10).
106
Let x(m) = -388*m + 6153. What is x(17)?
-443
Let f(n) = 1383*n + 579494. Give f(-419).
17
Let z(d) = -5*d**3 + 1087*d**2 + 47060*d - 158. Determine z(-37).
-10
Let f(l) = l**2 - 5652*l - 1170532. Determine f(-200).
-132
Let s(k) = -3*k**3 - 85*k**2 - 255*k - 39. Determine s(-3).
42
Let l(n) = n**3 + 9*n**2 - 385*n + 5. What is l(0)?
5
Let u(l) = 123*l - 16463. Calculate u(132).
-227
Let b(p) = 820*p - 69736. Calculate b(85).
-36
Let k(x) = x**3 - 35*x**2 - 2*x + 61. Calculate k(35).
-9
Let a(y) = -y**3 + 15*y**2 - 39*y + 538. What is a(10)?
648
Let y(b) = -16*b**3 - 120*b**2 - 218*b + 80. What is y(-5)?
170
Let l(x) = 679413*x - 4076490. Give l(6).
-12
Let p(z) = -3*z**2 - 87*z - 721. Calculate p(-21).
-217
Let x(p) = 9*p**3 - 25*p**2 - 113*p + 792. Determine x(6).
1158
Let v(k) = 595*k**2 - 1735*k - 150. What is v(3)?
0
Let y(v) = 8*v**2 + 755*v + 15720. Determine y(-31).
3
Let t(s) = -10*s**2 + 131859*s - 922533. Give t(7).
-10
Let o(p) = 97394*p - 194782. Determine o(2).
6
Let h(o) = 2324*o + 30358. Determine h(-13).
146
Let h(t) = -t**3 + 118*t**2 - 3275*t - 364. What is h(45)?
86
Let m(g) = -3*g**2 - 488085*g - 6344604. Give m(-13).
-6
Let i(t) = -229*t - 1923. What is i(-8)?
-91
Let v(f) = 2*f**2 - 9*f - 714. Give v(-42).
3192
Let f(z) = 50*z**2 - 82*z + 173. Give f(2).
209
Let k(g) = 12298*g + 61460. Calculate k(-5).
-30
Let c(m) = 5747*m - 241386. What is c(42)?
-12
Let u(w) = 1877*w + 411047. Calculate u(-219).
-16
Let c(b) = -b**2 + 2117*b - 48156. Give c(23).
6
Let d(r) = -14995*r + 599817. What is d(40)?
17
Let m(w) = -w**3 + 178*w**2 - 126*w - 9024. Calculate m(177).
3
Let q(m) = m**3 - 20*m**2 - 7*m - 77. Give q(21).
217
Let q(c) = 5*c**2 + 4342*c + 8658. Give q(-2).
-6
Let k(v) = -12402*v - 3906643. Calculate k(-315).
-13
Let m(a) = 62*a - 15154. What is m(237)?
-460
Let s(b) = -565*b**2 + 2258*b + 4. Determine s(4).
-4
Let k(p) = 7*p**3 + 71*p**2 - 80*p - 83. Give k(-11).
71
Let b(t) = -2249266*t + 29240458. Give b(13).
0
Let o(w) = -2*w**3 + 133*w**2 - 179*w - 1006. Calculate o(65).
34
Let a(n) = 2*n**3 - 64*n**2 - 719*n + 23107. Calculate a(32).
99
Let m(d) = -d**3 + 27*d**2 - 203*d + 375. Calculate m(9).
6
Let f(k) = -7*k**3 - 3244*k**2 + 1878*k + 10211. Give f(-464).
3
Let g(m) = 11026*m - 77176. Determine g(7).
6
Let c(j) = 9858*j - 147874. Determine c(15).
-4
Let x(f) = -128959*f - 644964. Calculate x(-5).
-169
Let w(c) = -160*c**3 - 2880*c**2 + 7*c + 144. Determine w(-18).
18
Let b(i) = i**3 - 23*i**2 + 128*i - 147. What is b(8)?
-83
Let z(l) = 27*l**3 - 18134*l**2 + 11420*l - 8729. Determine z(671).
-6
Let f(r) = -r**2 + 240*r - 3712. What is f(16)?
-128
Let u(s) = -2*s**3 + 75*s**2 + 41*s - 118. Determine u(38).
-4
Let c(v) = 48*v + 5210. Determine c(-103).
266
Let y(q) = -290*q - 9397. Determine y(-27).
-1567
Let n(y) = -y**2 - 145*y - 3162. Calculate n(-25).
-162
Let z(i) = 472393*i + 7085889. Determine z(-15).
-6
Let s(z) = z**3 + 67*z**2 - 602*z + 6209. Determine s(-76).
-23
Let t(j) = 2*j**2 - 127709*j - 766316. Calculate t(-6).
10
Let i(r) = 184*r**3 - 601*r**2 + 146*r + 10. Determine i(3).
7
Let a(d) = 3*d**3 - 406*d**2 + 13571*d + 280. Determine a(75).
-20
Let c(j) = -94*j**2 + 233*j - 691. Determine c(3).
-838
Let o(s) = s**3 + 5965*s**2 - 65735*s - 6. Determine o(11).
5
Let z(k) = 6*k**3 + 397*k**2 + 46*k - 1277. What is z(-66)?
43
Let p(h) = 115*h - 11413. Give p(90).
-1063
Let x(d) = -4*d**2 + 22*d + 4432. Determine x(-33).
-650
Let w(t) = t**3 - 7*t**2 - 39*t + 54. What is w(12)?
306
Let h(k) = 297*k**2 - 12*k - 1206. Calculate h(-2).
6
Let h(o) = -8*o**2 - 207*o - 1730. Determine h(-31).
-3001
Let o(r) = -1730*r + 123021. Calculate o(71).
191
Let n(j) = 898931*j - 2696793. Calculate n(3).
0
Let o(b) = -6746108*b + 26984438. Calculate o(4).
6
Let a(d) = 5*d**3 + 14*d - 65. What is a(-4)?
-441
Let t(z) = -z**3 + 7*z**2 - 4126*z + 28879. What is t(7)?
-3
Let r(h) = 4720*h**2 + 429520*h. What is r(-91)?
0
Let l(q) = -599*q**2 - 12568*q + 217. What is l(-21)?
-14
Let u(j) = -2*j**3 + 81*j**2 - 593*j + 261. What is u(31)?
137
Let d(h) = 1806*h - 7030. Determine d(4).
194
Let g(p) = -52*p - 3010. Give g(-20).
-1970
Let p(a) = a**3 + 65*a**2 + 462*a - 80. Determine p(-57).
-422
Let q(b) = b**2 - 1693*b - 56705. Give q(-33).
253
Let u(c) = -307*c + 1809. Give u(6).
-33
Let m(k) = -4748*k + 52128. What is m(11)?
-100
Let i(a) = -206*a + 3978. Calculate i(18).
270
Let v(g) = -13*g**3 - 41*g**2 + 16*g - 18. Give v(2).
-254
Let b(c) = -16*c**2 + 273*c - 55. Determine b(21).
-1378
Let a(x) = -139*x**2 - 1762*x - 5538. Determine a(-7).
-15
Let v(b) = 46*b**2 + 928*b - 69. Calculate v(-20).
-229
Let f(m) = 1933*m + 47087. Calculate f(-25).
-1238
Let q(s) = s**2 + 153282*s - 2759417. Calculate q(18).
-17
Let f(x) = -46740*x + 186887. Determine f(4).
-73
Let s(t) = 39*t**3 - 315*t**2 + 17*t + 52. Determine s(8).
-4
Let o(z) = -23486*z - 446211. Calculate o(-19).
23
Let p(l) = 2716*l - 187538. What is p(69)?
-134
Let r(n) = 4153*n - 83017. Determine r(20).
43
Let v(s) = -s**2 + 2575*s + 2700006. Calculate v(-800).
6
Let v(s) = -297117*s - 3862483. What is v(-13)?
38
Let h(r) = 172499*r - 862556. Determine h(5).
-61
Let d(x) = 881*x + 4019. What is d(-6)?
-1267
Let g(a) = a**3 - 81*a**2 - 5176*a - 216. Determine g(-42).
204
Let v(s) = 3*s**3 + 17*s**2 - 9*s + 182. Calculate v(-10).
-1028
Let v(m) = 17*m**3 + 54*m**2 - 274*m - 24. Calculate v(5).
2081
Let d(o) = -5*o**3 - 664*o**2 - 1882*o + 210. What is d(-3)?
15
Let s(z) = 55532*z + 19. What is s(0)?
19
Let s(q) = -q**3 - 17*q**2 - 2716*q - 69166. What is s(-24)?
50
Let o(l) = -3005*l + 300503. Calculate o(100).
3
Let l(p) = -3*p**2 + 554*p + 18822. Calculate l(214).
-10
Let y(p) = -5633*p - 259081. What is y(-46)?
37
Let f(j) = 37*j**3 - 22*j**2 + 11*j + 68. What is f(2)?
298
Let k(u) = 3*u**3 - 242*u**2 - 68*u - 1092. Give k(81).
-39
Let d(c) = 35*c**2 - 5159*c - 3138. Give d(148).
-30
Let h(q) = q**3 - 12*q**2 - 93*q + 84. Calculate h(16).
-380
Let f(b) = -2*b**2 + 4313*b + 38973. Determine f(-9).
-6
Let g(m) = -6*m**2 + 60*m + 1127. Determine g(-21).
-2779
Let r(x) = 2*x**3 - 24*x**2 + 78*x - 1028. Give r(12).
-92
Let l(a) = -21511*a + 1226166. Calculate l(57).
39
Let i(k) = -2*k**2 + 2010*k + 26443. What is i(-13)?
-25
Let u(j) = -279*j**2 - 7882*j - 146. Give u(-28).
1814
Let i(y) = -3*y**3 - 171*y**2 + 16*y + 848. What is i(-57)?
-64
Let u(n) = n**2 - 7122*n + 21362. Determine u(3).
5
Let w(z) = z**3 + 1354*z**2 + 4061*z + 10775. Calculate w(-1351).
-33
Let i(n) = 2*n**3 - 82*n**2 - n - 3432. What is i(42)?
54
Let n(d) = 3*d**2 + 445*d + 3442. Give n(-143).
1154
Let a(r) = -162630*r - 29598666. What is a(-182)?
-6
Let d(q) = -99*q + 9586. Give d(95).
181
Let t(b) = -491*b - 108908. What is t(-222)?
94
Let q(f) = f**2 + 18*f - 97095. What is q(304)?
793
Let x(h) = -12*h**2 - 458*h - 3169. Calculate x(-7).
-551
Let o(h) = 10*h**3 + 387*h**2 - 8764*h + 215. Calculate o(16).
23
Let f(t) = -t**3 - 5*t**2 - 751*t - 3003. Determine f(-4).
-15
Let f(n) = 237061*n + 6163583. Give f(-26).
-3
Let d(x) = -2*x**3 + 21*x**2 + 230*